{"id":216,"date":"2021-06-18T13:29:00","date_gmt":"2021-06-18T11:29:00","guid":{"rendered":"http:\/\/www.irnofestival.it\/XXIII\/?page_id=216"},"modified":"2021-06-21T13:36:53","modified_gmt":"2021-06-21T11:36:53","slug":"12-settembre-2021","status":"publish","type":"page","link":"http:\/\/www.irnofestival.it\/XXIII\/12-settembre-2021\/","title":{"rendered":"12 settembre 2021"},"content":{"rendered":"<p>[vc_row][vc_column][vc_column_text]<\/p>\n<h3 class=\"p1\" style=\"text-align: center;\">Tango y Tango<\/h3>\n<h4 class=\"p1\" style=\"text-align: center;\">Domenica 12 settembre 2021<br \/>\nDuomo di Salerno \/ ore 21.00<\/h4>\n<h4 class=\"p1\" style=\"text-align: center;\">Eleonora Bianchini \/ voce recitante<br \/>\nWalter Lucherini \/ bandoneon<br \/>\nSilvio Zalambani \/ sax<br \/>\nFabrizio Mocata \/ pianoforte<\/h4>\n<p style=\"text-align: center;\"><strong>Programma<br \/>\n<\/strong><\/p>\n<p style=\"text-align: center;\">Omaggio ad Astor Piazzola (1921-2021)<\/p>\n<p class=\"p1\" style=\"text-align: center;\"><strong>BIGLIETTI<\/strong><br \/>\n<strong>biglietto singolo \u20ac 15,00 + prevendita<br \/>\nabbonamento a tutti gli spettacoli \u20ac 100,00 &#8211; prev. esclusa<\/strong><br \/>\n<a href=\"https:\/\/bit.ly\/3hJuB17\"><strong>postoriservato.it<\/strong><\/a><\/p>\n<p>[\/vc_column_text][\/vc_column][\/vc_row][vc_row margin_top=&#8221;80px&#8221; margin_bottom=&#8221;80px&#8221; css=&#8221;.vc_custom_1563279048769{margin-bottom: 60px !important;}&#8221;][vc_column]<div class=\"dt-fancy-separator title-left\" style=\"width: 100%;\"><div class=\"dt-fancy-title\"><span class=\"separator-holder separator-left\"><\/span>Curriculum artisti<span class=\"separator-holder separator-right\"><\/span><\/div><\/div>[\/vc_column][\/vc_row][vc_row type=&#8221;vc_default&#8221; full_width=&#8221;stretch_row&#8221; gap=&#8221;35&#8243;][vc_column width=&#8221;1\/4&#8243;]<style type=\"text\/css\" data-type=\"the7_shortcodes-inline-css\">.shortcode-single-image-wrap.shortcode-single-image-c4967d6f90c0a60ff4d880c469500626.enable-bg-rollover .rollover i,\n.shortcode-single-image-wrap.shortcode-single-image-c4967d6f90c0a60ff4d880c469500626.enable-bg-rollover .rollover-video i {\n  background: ;\n  background: -webkit-linear-gradient();\n  background: linear-gradient();\n}\n.shortcode-single-image-wrap.shortcode-single-image-c4967d6f90c0a60ff4d880c469500626 .rollover-icon {\n  font-size: 32px;\n  color: #ffffff;\n  min-width: 44px;\n  min-height: 44px;\n  line-height: 44px;\n  border-radius: 100px;\n  border-style: solid;\n  border-width: 0px;\n}\n.dt-icon-bg-on.shortcode-single-image-wrap.shortcode-single-image-c4967d6f90c0a60ff4d880c469500626 .rollover-icon {\n  background: rgba(255,255,255,0.3);\n  -webkit-box-shadow: none;\n  box-shadow: none;\n}\n<\/style><div class=\"shortcode-single-image-wrap shortcode-single-image-c4967d6f90c0a60ff4d880c469500626 alignnone  enable-bg-rollover dt-icon-bg-off\" style=\"margin-top:0px; margin-bottom:0px; margin-left:0px; margin-right:0px; width:350px;\"><div class=\"shortcode-single-image\"><div class=\"fancy-media-wrap  layzr-bg\" style=\"\"><img loading=\"lazy\" decoding=\"async\" class=\"preload-me lazy-load\" src=\"data:image\/svg+xml,%3Csvg%20xmlns%3D&#39;http%3A%2F%2Fwww.w3.org%2F2000%2Fsvg&#39;%20viewBox%3D&#39;0%200%20350%20350&#39;%2F%3E\" data-src=\"http:\/\/www.irnofestival.it\/XXIII\/wp-content\/uploads\/2021\/06\/irnofestival-XXIII-curriculum-9-350x350.png\" data-srcset=\"http:\/\/www.irnofestival.it\/XXIII\/wp-content\/uploads\/2021\/06\/irnofestival-XXIII-curriculum-9-350x350.png 350w, http:\/\/www.irnofestival.it\/XXIII\/wp-content\/uploads\/2021\/06\/irnofestival-XXIII-curriculum-9.png 440w\" width=\"350\" height=\"350\"  data-dt-location=\"http:\/\/www.irnofestival.it\/XXIII\/12-settembre-2021\/irnofestival-xxiii-curriculum-9\/\" style=\"\" alt=\"fabrizio mocacata irnofestival\" \/><\/div><\/div><\/div>[\/vc_column][vc_column width=&#8221;3\/4&#8243;][vc_column_text]<\/p>\n<h3>Fabrizio Mocata \/ pianoforte<\/h3>\n<p>Pianista, compositore e arrangiatore di formazione classica e jazzistica, trova nel tango lo stile che gli permette di esprimere a pieno la sua poetica musicale. La sua attivita\u0300 musicale e\u0300 di respiro internazionale e sempre aperta alla ricerca e alla sperimentazione. Oggi \u00e8 considerato uno dei pi\u00f9 innovativi musicisti e compositore di questo genere.<br \/>\nNasce e cresce a Mazara del Vallo, in Sicilia, dove comincia lo studio del pianoforte privatamente. Si trasferisce a Firenze nel 1995, dove consegue presso il Conservatorio L. Cherubini il Diploma di pianoforte classico e il Biennio specialistico di Jazz con 110 e lode.<br \/>\nIn ambito jazzistico vince nel 2005 il premio del pubblico e il secondo premio assoluto nel concorso \u201cChiccho Bettinardi\u201d. Successivamente pubblica il suo primo album da leader \u201cPuccini Moods\u201d (MM Records) insieme a G. Scaglia e E. Fioravanti. Tra i suoi lavori menzioniamo \u201cFree The Opera!\u201d (RAM Records) con G. Scaglia e P. Wertico e \u201cLetter from Manhattan\u201d (Alfamusic 2015), registrato a New York con G. Garzone, M. Panascia e F. Nemeth. Tutti i lavori lo portano ad una intensa attivita\u0300 live in Festivals in Italia e all&#8217;estero. In collaborazione con gli Istituti Italiani di cultura si esibisce a Buenos Aires, Montevideo, Bucarest, Berlino, Maputo, Harare, Johannesburg. Sia come solista che con trio jazz si caratterizza nella sua proposta artistica per rileggere le arie d&#8217;opera di G. Puccini e G. Verdi. Insieme a Gianmarco Scaglia invece compone il trio italiano del celebre P. Wertico batterista del Pat Metheney Group, con cui si esibisce in importantissime rassegne come Blue Note Milano, Empoli Jazz, Gubbio No Borders, Beat Onto Jazz Festival, Ostuni Jazz Festival e numerose altre. In uscita a breve un nuovo lavoro discografico del trio, che annuncia una nuovo tour nell&#8217;estate 2021<br \/>\nNell&#8217;ambito del Tango comincia a collaborare con vari artisti del Rio de La Plata. Si esibisce con continuita\u0300 in diversi palcoscenici in tutta Europa e America. Nel corso degli anni la sua figura cresce e lo porta ad essere, primo tra gli italiani, ad essere invitato nei grandi Festival di Tango a Montevideo, Buenos Aires, Granada, Valencia e nella Cumbre Mundial del Tango. Tra le sue produzioni discografiche da leader \u201cSwango\u201d con ospiti S. Luna e P. Wertico, presentato nella Academia Nacional del Tango, e \u201cCruzando Aguas\u201d insieme a F. Bertero, presentato nel Festival Tango BA di Buenos Aires. Nel 2020 \u00e8 presente come pianista e arrangiatore nel CD &#8220;Inmensidad&#8221; Di S. Luna, nominato a &#8220;Los Premios\u00a0Gardel&#8221;.<br \/>\nDal 2013 cura la direzione musicale del progetto crossover Recital CanTango del Tenore Fabio Armiliato, che lo porta alla pubblicazione dell&#8217;omonimo CD (Alfamusic 2016) e a portare il Tango nei grandi teatri con ospiti di altissimo livello. Il progetto nasce come un tributo piano e voce alle figure di Carlos Gardel e Tito Schipa che si articola in diversi gruppi strumentali fino a giungere all&#8217;orchestra sinfonica. Citiamo il Royal Opera House di Muscat, la Sala Paganini di Parma, L&#8217;Illica Festival a Castelarquato. Irno Festival a Salerno, Teatro Maipo a Buenos Aires, Sala Zitarrosa a Montevideo, Teatro Greco a Lecce. Di recente uscita sempre per &#8220;Acqua Records&#8221; i CD &#8220;Fagottango&#8221; con A. Cicero e &#8220;Tango y vino&#8221; con il conosciuto cantante argentino Martin Alvarado.[\/vc_column_text][\/vc_column][\/vc_row][vc_row margin_top=&#8221;80px&#8221; margin_bottom=&#8221;80px&#8221; css=&#8221;.vc_custom_1563279048769{margin-bottom: 60px !important;}&#8221;][vc_column]<div class=\"dt-fancy-separator title-left\" style=\"width: 100%;\"><div class=\"dt-fancy-title\"><span class=\"separator-holder separator-left\"><\/span>Curriculum artisti<span class=\"separator-holder separator-right\"><\/span><\/div><\/div>[\/vc_column][\/vc_row][vc_row type=&#8221;vc_default&#8221; full_width=&#8221;stretch_row&#8221; gap=&#8221;35&#8243;][vc_column width=&#8221;1\/4&#8243;]<style type=\"text\/css\" data-type=\"the7_shortcodes-inline-css\">.shortcode-single-image-wrap.shortcode-single-image-ba2f50db087957435105aab5daaa4615.enable-bg-rollover .rollover i,\n.shortcode-single-image-wrap.shortcode-single-image-ba2f50db087957435105aab5daaa4615.enable-bg-rollover .rollover-video i {\n  background: ;\n  background: -webkit-linear-gradient();\n  background: linear-gradient();\n}\n.shortcode-single-image-wrap.shortcode-single-image-ba2f50db087957435105aab5daaa4615 .rollover-icon {\n  font-size: 32px;\n  color: #ffffff;\n  min-width: 44px;\n  min-height: 44px;\n  line-height: 44px;\n  border-radius: 100px;\n  border-style: solid;\n  border-width: 0px;\n}\n.dt-icon-bg-on.shortcode-single-image-wrap.shortcode-single-image-ba2f50db087957435105aab5daaa4615 .rollover-icon {\n  background: rgba(255,255,255,0.3);\n  -webkit-box-shadow: none;\n  box-shadow: none;\n}\n<\/style><div class=\"shortcode-single-image-wrap shortcode-single-image-ba2f50db087957435105aab5daaa4615 alignnone  enable-bg-rollover dt-icon-bg-off\" style=\"margin-top:0px; margin-bottom:0px; margin-left:0px; margin-right:0px; width:350px;\"><div class=\"shortcode-single-image\"><div class=\"fancy-media-wrap  layzr-bg\" style=\"\"><img loading=\"lazy\" decoding=\"async\" class=\"preload-me lazy-load\" src=\"data:image\/svg+xml,%3Csvg%20xmlns%3D&#39;http%3A%2F%2Fwww.w3.org%2F2000%2Fsvg&#39;%20viewBox%3D&#39;0%200%20350%20350&#39;%2F%3E\" data-src=\"http:\/\/www.irnofestival.it\/XXIII\/wp-content\/uploads\/2021\/06\/irnofestival-XXIII-curriculum-17-350x350.png\" data-srcset=\"http:\/\/www.irnofestival.it\/XXIII\/wp-content\/uploads\/2021\/06\/irnofestival-XXIII-curriculum-17-350x350.png 350w, http:\/\/www.irnofestival.it\/XXIII\/wp-content\/uploads\/2021\/06\/irnofestival-XXIII-curriculum-17.png 440w\" width=\"350\" height=\"350\"  data-dt-location=\"http:\/\/www.irnofestival.it\/XXIII\/12-settembre-2021\/irnofestival-xxiii-curriculum-17\/\" style=\"\" alt=\"silvio zalambani sax\" \/><\/div><\/div><\/div>[\/vc_column][vc_column width=&#8221;3\/4&#8243;][vc_column_text]<\/p>\n<h3>Silvio Zalambani \/ sax<\/h3>\n<p>Sassofonista, compositore ed arrangiatore, Silvio Zalambani \u00e8 diplomato in sassofono, clarinetto e musica jazz, \u00e8 docente titolare di sassofono presso il Conservatorio Statale \u201cA.Scontrino\u201d di Trapani ed \u00e8 Artista \u201cEndorser\u201d D&#8217;Addario e Yanagisawa.<br \/>\nOltre alla musica jazz e classica, si interessa da diversi anni allo studio della musica tradizionale dell&#8217;America Latina, in particolare al tango, alla cultura afrocubana e brasiliana. Ha dato vita al trio &#8220;Tango Tres&#8221; nel 1997, al progetto &#8220;Grupo Candombe&#8221; nel 2000, al Duo col pianista Federico Lechner nel 2011 e al quintetto di sassofoni \u201cAmerindia Ensemble\u201d nel 2015.<br \/>\nHa inciso 8 CD e 1 DVD dal vivo, con proprie composizioni o arrangiamenti: \u201cGuardia vieja\u201d (1998) ed \u201cEntrada Prohibida\u201d (2017) con Tango Tres, \u201cGrupo Candombe\u201d (2001) e \u201cGrupo Candombe 2\u201d (2005) col Grupo Candombe, \u201cNostalgia del presente\u201d (2011) e \u201cTango Live\u201d DVD in concerto dal vivo (2013) col Grupo Candombe e la cantante argentina Sandra Rehder, \u201cDej\u00e0 v\u00f9\u201d (2015) e \u201cViaggiatori\/Viajeros\u201d (2019) in Duo col pianista argentino Federico Lechner, \u201cBrasil pra mim\u201d (2016) insieme a Gabriele Mirabassi e il Grupo Candombe, tutte le sue musiche sono edite dalle Edizioni Musicali Borgatti.<br \/>\nE\u2019 regolarmente invitato come docente e concertista solista in Masterclass e in Festival Internazionali in Europa e America, in Spagna nel Conservatorio Superiore di Musica di Albacete e di Siviglia, in Olanda nel Conservatorio di Musica di Utrecht, ed in Brasile nelle Universit\u00e0 USP e UNAERP di Ribeir\u00e3o Preto (S\u00e3o Paulo) ed EMAC-UFG di Goi\u00e2nia (Goi\u00e1s), in Brasile si \u00e8 esibito come solista anche col polistrumentista Arismar do Espirito Santo e col pianista Mario F\u00e9res.<br \/>\nInsieme ai suoi progetti ha rappresentato l&#8217;Italia nelle ultime sei edizioni del &#8220;Vertice Mondiale del Tango&#8221; (Siviglia-Spagna \u201805, Valparaiso-Cile \u201807, Bariloche-Argentina \u201809, Seinajoki-Finlandia \u201911, Z\u00e1rate-Argentina &#8217;15, Melilla-Spagna &#8217;18), partecipando anche ai seguenti festival: \u201c11\u00b0 Festival Mondiale del Sassofono\u201d (Valencia-Spagna 1997), \u201c23\u00b0 Festival del Caribe-Fiesta del Fuego\u201d (Santiago de Cuba e Guant\u00e1namo, Cuba \u201803), \u201c11\u00b0 Metastasio Jazz Festival\u201d (Prato &#8217;06), \u201cEtnoJazz&amp;TastFest\u201d (Milano &#8217;06), \u201cRavenna Festival\u201d (Ravenna &#8217;10), \u201c23 Festival Internazionale del Tango\u201d di Granada (Spagna \u201911), \u201c11 e 12 Emilia Romagna Festival\u201d (Italia 2011 e &#8217;12), &#8220;3\u00b0 Festival Internazionale del Tango\u201d di Barcellona (Spagna \u201813), \u201c47\u00b0 Festival Musica Nova \u2013 Gilberto M\u00e9ndes\u201d (Santos e Ribeir\u00e3o Preto-SP, Brasile \u201813), \u201c1\u00b0 Congresso Europeo del Sassofono\u201d (Ciudad Real-Spagna &#8217;14), \u201c11\u00b0 Pourpre P\u00e9rigord Jazz Festival\u201d di Bergerac (Francia \u201814), \u201c4\u00b0 Festival Internazionale di Sax e Jazz\u201d (Gran Canaria-Spagna \u201815), \u201c49\u00b0 Festival Musica Nova \u2013 Gilberto M\u00e9ndes\u201d (Ribeir\u00e3o Preto-SP, Brasile \u201815), \u201c5\u00b0 Festival Internazionale di Sax e Jazz\u201d (Gran Canaria-Spagna \u201816), \u201c4\u00b0 Campus Internazionale del Sax\u201d (Trapani &#8217;16), \u201cSplendor Hall\u201d (Amsterdam-Olanda &#8217;16), \u201cJazz Club Il Torrione\u201d (Ferrara &#8217;16), \u201cSchw\u00f5rhausKonzert\u201d (Schw\u00e4bish Gm\u00fcnd-Germania &#8217;17), \u201c2\u00b0 Festival Internazionale del Jazz\u201d (Tres Cantos-Spagna &#8217;17), \u201cFestival Musica e Poesia\u201d (Parma &#8217;17), &#8220;ERF Emilia Romagna Festival\u201d (Abbazia Pomposa-FE &#8217;17), \u201c15\u00b0 Jazz Pourpre P\u00e9rigord Festival\u201d (Bergerac-Francia \u201818), \u201cCaf\u00e9 Central\u201d (Madrid-Spagna &#8217;19), ecc..<br \/>\nIn Argentina si \u00e8 esibito in diretta alla Radio Nazionale Argentina e in vari templi del tango di Buenos Aires come: il \u201cCientro Culturale Torquato Tasso&#8221;, \u201cEl Vesuvio\u201d e nel Teatro \u201cEl Aleph\u201d del Centro Culturale Recoleta, esibendosi anche come solista con l\u2019Orchestra Camerata Monte Grande (diretta da Marisol Canessa) e l\u2019Orchestra Camerata Almagro (diretta da Pablo Motta). E\u2019 stato intervistato varie volte per la Radio argentina \u201c2&#215;4 Tango\u201d e per la TV argentina &#8220;Solo Tango&#8221; dal vice presidente dell&#8217;Accademia Nazionale del Tango di Buenos Aires, sig. Gabriel Soria, ed \u00e8 nominato all\u2019interno del \u201cDiccionario del Tango en Catalu\u00f1a\u201d (Casa America Catalunya 2009).<br \/>\nIn ambito Jazz e Classico, si \u00e8 esibito con l&#8217;Orchestra di &#8220;Siena Jazz&#8221; e con l&#8217;Orchestra &#8220;O.F.P.&#8221; di Bologna (diretta da Carla Bley e Bruno Tommaso), col chitarrista statunitense Donovan Mixon, gi\u00e0 docente al Berklee College di Boston (USA), ed inoltre con le orchestre: &#8220;Teatro Comunale di Bologna&#8221;, &#8220;Teatro Comunale G. Verdi di Trieste&#8221;, &#8220;Orchestra Citt\u00e0 di Ferrara&#8221;, &#8220;Teatro Sociale di Rovigo&#8221;, &#8220;Filarmonica di Bacau\u201d (Romania), \u201cOrchestra Camerata Almagro\u201d di Buenos Aires (Argentina), \u201cUSP Filarmonica di Ribeir\u00e3o Preto\u201d (Brasile), \u201cOrchestra Filarmonica di Gran Canaria\u201d (Spagna), ha inciso come solista ospite nel CD \u201cCrossfades&#8221; (2019) del progetto \u201cElise Hall Saxophone Quartet\u201d.<br \/>\nOltre ai suoi progetti Tango Tres, Grupo Candombe e Amerindia Ensemble, Silvio Zalambani collabora in duo col pianista argentino Federico Lechner, con la cantante argentina Sandra Rehder, col clarinettista Gabriele Mirabassi e col narratore argentino Rub\u00e9n Andr\u00e9s Costanzo.[\/vc_column_text][\/vc_column][\/vc_row][vc_row margin_top=&#8221;80px&#8221; margin_bottom=&#8221;80px&#8221; css=&#8221;.vc_custom_1563279048769{margin-bottom: 60px !important;}&#8221;][vc_column]<div class=\"dt-fancy-separator title-left\" style=\"width: 100%;\"><div class=\"dt-fancy-title\"><span class=\"separator-holder separator-left\"><\/span>Curriculum artisti<span class=\"separator-holder separator-right\"><\/span><\/div><\/div>[\/vc_column][\/vc_row][vc_row type=&#8221;vc_default&#8221; full_width=&#8221;stretch_row&#8221; gap=&#8221;35&#8243;][vc_column width=&#8221;1\/4&#8243;]<style type=\"text\/css\" data-type=\"the7_shortcodes-inline-css\">.shortcode-single-image-wrap.shortcode-single-image-38953bf8437a9d608d5f411a6e293f42.enable-bg-rollover .rollover i,\n.shortcode-single-image-wrap.shortcode-single-image-38953bf8437a9d608d5f411a6e293f42.enable-bg-rollover .rollover-video i {\n  background: ;\n  background: -webkit-linear-gradient();\n  background: linear-gradient();\n}\n.shortcode-single-image-wrap.shortcode-single-image-38953bf8437a9d608d5f411a6e293f42 .rollover-icon {\n  font-size: 32px;\n  color: #ffffff;\n  min-width: 44px;\n  min-height: 44px;\n  line-height: 44px;\n  border-radius: 100px;\n  border-style: solid;\n  border-width: 0px;\n}\n.dt-icon-bg-on.shortcode-single-image-wrap.shortcode-single-image-38953bf8437a9d608d5f411a6e293f42 .rollover-icon {\n  background: rgba(255,255,255,0.3);\n  -webkit-box-shadow: none;\n  box-shadow: none;\n}\n<\/style><div class=\"shortcode-single-image-wrap shortcode-single-image-38953bf8437a9d608d5f411a6e293f42 alignnone  enable-bg-rollover dt-icon-bg-off\" style=\"margin-top:0px; margin-bottom:0px; margin-left:0px; margin-right:0px; width:350px;\"><div class=\"shortcode-single-image\"><div class=\"fancy-media-wrap  layzr-bg\" style=\"\"><img loading=\"lazy\" decoding=\"async\" class=\"preload-me lazy-load\" src=\"data:image\/svg+xml,%3Csvg%20xmlns%3D&#39;http%3A%2F%2Fwww.w3.org%2F2000%2Fsvg&#39;%20viewBox%3D&#39;0%200%20350%20350&#39;%2F%3E\" data-src=\"http:\/\/www.irnofestival.it\/XXIII\/wp-content\/uploads\/2021\/06\/irnofestival-XXIII-curriculum-18-350x350.png\" data-srcset=\"http:\/\/www.irnofestival.it\/XXIII\/wp-content\/uploads\/2021\/06\/irnofestival-XXIII-curriculum-18-350x350.png 350w, http:\/\/www.irnofestival.it\/XXIII\/wp-content\/uploads\/2021\/06\/irnofestival-XXIII-curriculum-18.png 440w\" width=\"350\" height=\"350\"  data-dt-location=\"http:\/\/www.irnofestival.it\/XXIII\/12-settembre-2021\/irnofestival-xxiii-curriculum-18\/\" style=\"\" alt=\"walter lucherini bandoneon\" \/><\/div><\/div><\/div>[\/vc_column][vc_column width=&#8221;3\/4&#8243;][vc_column_text]<\/p>\n<h3>Walter Lucherini \/ bandoneon<\/h3>\n<p>Fisarmonicista esperto di mantici, bandoneonista e compositore particolarmente versatile, nasce a Feltre (BL) il 17 maggio 1978. A 9 anni inizia a studiare pianoforte e fisarmonica sperimentando fin da subito le sue capacit\u00e0 improvvisative in varie formazioni pop-folk del bellunese. Da sempre appassionato della musica jazz, si avvicina al genere con il con il disco \u201cMar del Plata\u201d, titolo in onore del grande Astor Piazzola, selezionato nel 2001 dalla trasmissione radiofonica CD Demo Radio2. Nel 2009 trascorre alcuni mesi a Buenos Aires (Argentina) per studiare bandoneon ed approfondire il linguaggio del tango. Trasferitosi a Venezia sperimenta collaborazioni che lo portano ad esibirsi in tutto il mondo in festival e teatri internazionali. Sono diverse le produzioni discografiche, di cui molte come solista, in cui \u00e8 stato chiamato a partecipare dalla musica balcanica, pop, folk, reggae, jazz, tango fino alla musica classica. Ha collaborato con importanti formazioni musicali del tango argentino (Tanghetto 2015) e partecipato a diversi master di specializzazione in bandoneon con grandi Maestri come Victor Villena, Fabio Furia, Juan Jos\u00e9 Mosalini, Daniel Binelli. Suona con diverse formazioni in particolare con Giovanni Dell\u2019Olivo, cantautore veneziano e come leader al bandoneon nel progetto Tragos de Tango con Lino Brotto e Daniele Vianello. In prossima uscita il disco \u201cMirada Fatal\u201d Tragos de Tango. Oltre 15 dischi prodotti.[\/vc_column_text][\/vc_column][\/vc_row][vc_row margin_top=&#8221;80px&#8221; margin_bottom=&#8221;80px&#8221; css=&#8221;.vc_custom_1563279048769{margin-bottom: 60px !important;}&#8221;][vc_column]<div class=\"dt-fancy-separator title-left\" style=\"width: 100%;\"><div class=\"dt-fancy-title\"><span class=\"separator-holder separator-left\"><\/span>Curriculum artisti<span class=\"separator-holder separator-right\"><\/span><\/div><\/div>[\/vc_column][\/vc_row][vc_row type=&#8221;vc_default&#8221; full_width=&#8221;stretch_row&#8221; gap=&#8221;35&#8243;][vc_column width=&#8221;1\/4&#8243;]<style type=\"text\/css\" data-type=\"the7_shortcodes-inline-css\">.shortcode-single-image-wrap.shortcode-single-image-360e92793c83f2b5196073b2a6d09017.enable-bg-rollover .rollover i,\n.shortcode-single-image-wrap.shortcode-single-image-360e92793c83f2b5196073b2a6d09017.enable-bg-rollover .rollover-video i {\n  background: ;\n  background: -webkit-linear-gradient();\n  background: linear-gradient();\n}\n.shortcode-single-image-wrap.shortcode-single-image-360e92793c83f2b5196073b2a6d09017 .rollover-icon {\n  font-size: 32px;\n  color: #ffffff;\n  min-width: 44px;\n  min-height: 44px;\n  line-height: 44px;\n  border-radius: 100px;\n  border-style: solid;\n  border-width: 0px;\n}\n.dt-icon-bg-on.shortcode-single-image-wrap.shortcode-single-image-360e92793c83f2b5196073b2a6d09017 .rollover-icon {\n  background: rgba(255,255,255,0.3);\n  -webkit-box-shadow: none;\n  box-shadow: none;\n}\n<\/style><div class=\"shortcode-single-image-wrap shortcode-single-image-360e92793c83f2b5196073b2a6d09017 alignnone  enable-bg-rollover dt-icon-bg-off\" style=\"margin-top:0px; margin-bottom:0px; margin-left:0px; margin-right:0px; width:350px;\"><div class=\"shortcode-single-image\"><div class=\"fancy-media-wrap  layzr-bg\" style=\"\"><img loading=\"lazy\" decoding=\"async\" class=\"preload-me lazy-load\" src=\"data:image\/svg+xml,%3Csvg%20xmlns%3D&#39;http%3A%2F%2Fwww.w3.org%2F2000%2Fsvg&#39;%20viewBox%3D&#39;0%200%20350%20350&#39;%2F%3E\" data-src=\"http:\/\/www.irnofestival.it\/XXIII\/wp-content\/uploads\/2021\/06\/irnofestival-XXIII-curriculum-16-350x350.png\" data-srcset=\"http:\/\/www.irnofestival.it\/XXIII\/wp-content\/uploads\/2021\/06\/irnofestival-XXIII-curriculum-16-350x350.png 350w, http:\/\/www.irnofestival.it\/XXIII\/wp-content\/uploads\/2021\/06\/irnofestival-XXIII-curriculum-16.png 440w\" width=\"350\" height=\"350\"  data-dt-location=\"http:\/\/www.irnofestival.it\/XXIII\/12-settembre-2021\/irnofestival-xxiii-curriculum-16\/\" style=\"\" alt=\"eleonora bianchini irnofestival\" \/><\/div><\/div><\/div>[\/vc_column][vc_column width=&#8221;3\/4&#8243;][vc_column_text]<\/p>\n<h3>Eleonora Bianchini \/ voce<\/h3>\n<p>Eleonora Bianchini nasce a Perugia ed inizia a studiare pianoforte all&#8217;eta\u0300 di nove anni. Nella medesima citta\u0300 frequenta il Conservatorio di Musica di Morlacchi dal 1999 al 2003. Dopo aver partecipato a Umbria Jazz Clinics nell&#8217;estate del 2002, vince una borsa di studio per frequentare il prestigioso &#8220;Berklee College of Music &#8220;a Boston. Dal 2003 al 2011 Eleonora vive tra Boston e New York, e durante questo periodo si fa strada nel campo della musica jazz latina esibendosi in numerosi eventi internazionali e contando importanti collaborazioni con Danilo Perez, Rosa Passos, Oscar Stagnaro, Mark Walker, Jamey Haddad esibendosi a sua volta su palchi americani importanti (Carnagie Hall, Queens Park e Lincoln Center, ecc.). Nell&#8217;aprile del 2008 pubblica il suo primo album come cantautrice, &#8220;Como Un Aguila En Lo Alto&#8221;, un progetto in cui riesce a fondere le sue radici culturali con i ritmi e i colori della cultura latinoamericana. Dal 2011 al 2013 Eleonora vive in Ecuador ed insegna canto presso l\u2019Institudo de Musica Contemporanea che e\u0300 parte dell\u2019Universidad San Francisco di Quito. Nel 2012 realizza il suo secondo progetto musicale &#8220;Esperare&#8221; iniziato a New York e terminato a Quito. Dal 2013 Eleonora vive a Roma dove continua la sua attivita\u0300 di compositore, docente e cantante. Nel 2014 ha avviato un prezioso duo in collaborazione con il bassista di fama mondiale Enzo Pietropaoli, realizzando due album &#8220;DOS&#8221; nel 2014 e &#8220;IN SIGHT&#8221; nel 2016, prodotti dall&#8217;etichetta Fone\u0300 Jazz di Giulio Cesare Ricci. A gennaio del 2017 Eleonora ritorna ad esplorare il mondo e vive in India per quattro mesi insegnando Canto Jazz presso la Swarnabhoomi Academy of Music a Chennai. A Marzo 2018 pubblica il suo terzo album \u201cSURYA\u201d come cantautrice prodotto dall&#8217;etichetta Filibusta Records. A settembre 2019 Eleonora torna in India durante il semestre autunnale per unirsi al corpo docente del Global Music Insitute di Delhi come insegnante di canto jazz.[\/vc_column_text][\/vc_column][\/vc_row]<\/p>\n","protected":false},"excerpt":{"rendered":"<p>[vc_row][vc_column][vc_column_text] Tango y Tango Domenica 12 settembre 2021 Duomo di Salerno \/ ore 21.00 Eleonora Bianchini \/ voce recitante Walter Lucherini \/ bandoneon Silvio Zalambani \/ sax Fabrizio Mocata \/ pianoforte Programma Omaggio ad Astor Piazzola (1921-2021) BIGLIETTI biglietto singolo \u20ac 15,00 + prevendita abbonamento a tutti gli spettacoli \u20ac 100,00 &#8211; prev. esclusa postoriservato.it&hellip;<\/p>\n","protected":false},"author":1,"featured_media":0,"parent":0,"menu_order":0,"comment_status":"closed","ping_status":"closed","template":"","meta":[],"class_list":["post-216","page","type-page","status-publish","hentry","description-off"],"_links":{"self":[{"href":"http:\/\/www.irnofestival.it\/XXIII\/wp-json\/wp\/v2\/pages\/216","targetHints":{"allow":["GET"]}}],"collection":[{"href":"http:\/\/www.irnofestival.it\/XXIII\/wp-json\/wp\/v2\/pages"}],"about":[{"href":"http:\/\/www.irnofestival.it\/XXIII\/wp-json\/wp\/v2\/types\/page"}],"author":[{"embeddable":true,"href":"http:\/\/www.irnofestival.it\/XXIII\/wp-json\/wp\/v2\/users\/1"}],"replies":[{"embeddable":true,"href":"http:\/\/www.irnofestival.it\/XXIII\/wp-json\/wp\/v2\/comments?post=216"}],"version-history":[{"count":3,"href":"http:\/\/www.irnofestival.it\/XXIII\/wp-json\/wp\/v2\/pages\/216\/revisions"}],"predecessor-version":[{"id":267,"href":"http:\/\/www.irnofestival.it\/XXIII\/wp-json\/wp\/v2\/pages\/216\/revisions\/267"}],"wp:attachment":[{"href":"http:\/\/www.irnofestival.it\/XXIII\/wp-json\/wp\/v2\/media?parent=216"}],"curies":[{"name":"wp","href":"https:\/\/api.w.org\/{rel}","templated":true}]}}